979?
False
Is 1557865397 a multiple of 41?
True
Is 89670348 a multiple of 89?
True
Does 1712 divide 1651103077?
False
Is 3773770 a multiple of 4147?
True
Is 50 a factor of 7533031?
False
Does 139 divide 293989082?
False
Is 2767 a factor of 241728279?
False
Is 16 a factor of 438553765?
False
Does 1149 divide 1917785320?
False
Is 15463399 a multiple of 191?
False
Does 6134 divide 1643857623?
False
Is 821085 even?
False
Is 6545231 a multiple of 1866?
False
Is 338774188 a multiple of 7?
False
Is 3045643232 a multiple of 26?
False
Does 291 divide 33125797?
False
Is 804 a factor of 18598423?
False
Does 21 divide 11897909?
False
Does 320 divide 10770880?
True
Does 1115 divide 197048483?
False
Is 6 a factor of 358790649?
False
Is 83 a factor of 1667702592?
False
Is 70 a factor of 2018580744?
False
Is 39 a factor of 163308834?
True
Does 57 divide 6498855?
True
Is 300715379 a multiple of 66?
False
Does 12 divide 2167878?
False
Does 17 divide 80464227?
False
Is 5563207 a multiple of 535?
False
Does 438 divide 6731698212?
True
Is 12 a factor of 28973376?
True
Is 369344475 a multiple of 4365?
True
Does 4387 divide 180489251?
False
Is 2207303 a multiple of 107?
True
Is 156 a factor of 199560827?
False
Is 83753730 a multiple of 510?
True
Is 160896985 a multiple of 1080?
False
Does 1210 divide 112503380?
True
Is 154918008 a multiple of 14?
True
Is 264 a factor of 1863480009?
False
Is 9321700 a multiple of 10?
True
Is 216251673 a multiple of 53?
False
Does 280 divide 1976055771?
False
Does 20 divide 151944000?
True
Does 1052 divide 21504984?
True
Is 20888323 a multiple of 2?
False
Does 2274 divide 228988700?
False
Is 525491232 a multiple of 757?
True
Is 561 a factor of 99166287?
True
Does 503 divide 13671540?
True
Does 40 divide 213247440?
True
Does 252 divide 33853176?
True
Does 15 divide 63072300?
True
Is 32941951 a multiple of 1002?
False
Does 867 divide 159536494?
False
Is 60066698 a multiple of 719?
True
Is 2201 a factor of 3007102771?
False
Is 39371990 a multiple of 245?
True
Is 15 a factor of 6430078?
False
Does 230 divide 19805412?
False
Does 2274 divide 32181622?
False
Is 177 a factor of 8879559?
True
Is 5 a factor of 665166330?
True
Is 4 a factor of 3287629?
False
Is 1815315665 a multiple of 4?
False
Does 67 divide 695991324?
False
Does 36 divide 21115380?
False
Is 4 a factor of 21697644?
True
Does 71 divide 154525002?
False
Does 144 divide 55448719?
False
Is 8 a factor of 206496?
True
Does 28 divide 6683636013?
False
Is 12414581 even?
False
Is 85473985 a multiple of 17?
False
Does 2 divide 9960713?
False
Does 627 divide 272918590?
False
Is 9415980 a multiple of 90?
True
Is 22235770 a multiple of 1790?
False
Is 40 a factor of 45248525?
False
Is 25125126 a multiple of 1669?
True
Is 4554662 a multiple of 8?
False
Is 68 a factor of 1351502733?
False
Does 34 divide 21069113?
False
Is 74 a factor of 517792288?
False
Does 121 divide 864956521?
True
Does 7 divide 1597365210?
True
Is 566598387 a multiple of 543?
False
Is 282767138 a multiple of 16?
False
Is 10 a factor of 263892777?
False
Is 83438310 a multiple of 30?
True
Does 1200 divide 1586400?
True
Is 172104102 a multiple of 28?
False
Is 645457408 a multiple of 29?
True
Is 2345 a factor of 3171063770?
True
Is 507033615 a multiple of 1389?
True
Is 2776546507 a multiple of 203?
True
Is 217390084 a multiple of 145?
False
Is 246443188 a multiple of 717?
False
Does 760 divide 82215179?
False
Is 36703864 a multiple of 316?
False
Is 25774239 a multiple of 227?
False
Does 696 divide 14459142?
False
Does 545 divide 981693785?
True
Does 1132 divide 135294376?
True
Does 15 divide 21300720?
True
Does 957 divide 432297954?
True
Is 3 a factor of 48713332?
False
Does 9 divide 105396497?
False
Is 110 a factor of 21852578?
False
Is 5685752 a multiple of 1724?
True
Does 8 divide 15329554?
False
Does 34 divide 5378710206?
True
Is 114088856 a multiple of 392?
True
Is 29851209 a multiple of 359?
True
Is 95558757 a multiple of 8?
False
Is 7599698 a multiple of 84?
False
Is 24 a factor of 190860696?
True
Is 2144 a factor of 520749728?
True
Does 18 divide 495971726?
False
Is 113777538 a multiple of 1113?
True
Is 49153779 a multiple of 3?
True
Does 12 divide 322299720?
True
Is 10 a factor of 41121888?
False
Is 2 a factor of 2914152?
True
Does 4151 divide 1272497397?
False
Does 1100 divide 2054534900?
True
Is 2018466635 a multiple of 675?
False
Is 411616664 a multiple of 289?
False
Is 189389988 a multiple of 9?
True
Does 180 divide 199652040?
True
Is 68 a factor of 9314638?
False
Does 16 divide 24922834?
False
Is 1088661139 a multiple of 26?
False
Is 448314239 a multiple of 143?
False
Is 2872754480 a multiple of 40?
True
Is 266 a factor of 10692569?
False
Is 26489431 a multiple of 197?
False
Is 2480 a factor of 22710863?
False
Does 180 divide 680026860?
True
Is 410573004 a multiple of 12?
True
Is 133477044 a multiple of 194?
True
Does 18 divide 463837075?
False
Is 2025 a factor of 12917475?
True
Is 1059136568 a multiple of 1106?
True
Does 56 divide 116341156?
False
Is 663 a factor of 11897542?
False
Is 87 a factor of 34564158?
False
Does 57 divide 81398963?
False
Does 1208 divide 79613240?
True
Does 39 divide 51280671?
True
Is 13701688 a multiple of 29?
True
Is 14949258 a multiple of 111?
True
Does 4 divide 355434203?
False
Is 361 a factor of 127325061?
True
Is 32 a factor of 2620510421?
False
Does 398 divide 30551266?
False
Is 270 a factor of 24555486?
False
Does 13 divide 95249297?
True
Is 31799514 a multiple of 2104?
False
Does 8 divide 1044862752?
True
Is 8089928 a multiple of 1018?
False
Does 2974 divide 499652416?
False
Is 169 a factor of 97608921?
False
Is 58 a factor of 49971350?
True
Is 17 a factor of 200417001?
False
Is 55090580 a multiple of 1138?
True
Is 112 a factor of 267026256?
True
Does 251 divide 171283655?
True
Is 174451367 a multiple of 456?
False
Does 3283 divide 647615856?
False
Is 247 a factor of 158188186?
True
Is 1172 a factor of 112062006?
False
Does 2767 divide 103078376?
False
Does 76 divide 626562620?
True
Does 18 divide 187333290?
True
Does 1167 divide 56274411?
False
Does 1230 divide 126639764?
False
Does 60 divide 79463964?
False
Is 3999178729 a multiple of 11?
False
Does 139 divide 244601248?
False
Is 177768057 a multiple of 29?
True
Is 285 a factor of 455689065?
True
Does 28 divide 562991184?
True
Is 461 a factor of 142480348?
True
Is 17 a factor of 898249043?
True
Is 13 a factor of 132374489?
True
Is 3895 a factor of 563250281?
False
Is 52139741 a multiple of 31?
False
Is 2564894714 a multiple of 948?
False
Is 91 a factor of 420230993?
True
Is 88479552 a multiple of 998?
False
Does 306 divide 647809716?
False
Is 38 a factor of 42679817?
False
Is 10 a factor of 27247070?
True
Does 6079 divide 596100661?
True
Does 4142 divide 842711059?
False
Is 418834583 a multiple of 15?
False
Does 413 divide 59842874?
True
Does 9 divide 20086758?
True
Is 1884558 a multiple of 26?
True
Is 63810766 a multiple of 206?
True
Is 293203960 a multiple of 20?
True
Is 319028029 a multiple of 1452?
False
Does 77 divide 121312730?
True
Is 139681360 a multiple of 364?
True
Does 3565 divide 38633905?
True
Is 144 a factor of 72994032?
True
Is 533822970 a multiple of 161?
False
Is 1572 a factor of 200383567?
False
Does 1073 divide 374784318?
False
Is 1503 a factor of 20524316?
False
Is 44 a factor of 2707628176?
True
Does 591 divide 441167907?
True
Does 77 divide 72304207?
False
Does 462 divide 14618960?
False
Does 65 divide 26469112?
False
Is 18 a factor of 285850880?
False
Does 192 divide 19139328?
True
Does 1655 divide 39739571?
False
Does 1071 divide 3914505?
True
Does 7 divide 625711128?
True
Does 876 divide 33204780?
True
Is 88 a factor of 9408608?
True
Does 9 divide 31032353?
False
Is 116 a factor of 21705572?
True
Is 8083659 a multiple of 9943?
True
Does 93 divide 18545781?
True
Is 170682081 a multiple of 11?
False
Does 317 divide 2258868139?
True
Does 7 divide 8352848?
True
Is 995882275 a multiple of 1979?
True
Is 11001608 a multiple of 76?
True
Is 1840 a factor of 9996720?
True
Is 178 a factor of 19741515?
False
Is 535 a factor of 1058762860?
True
Is 3071821 a multiple of 51?
False
Is 861 a factor of 22161279?
True
Is 64247088 a multiple of 5?
False
Is 10 a factor of 14042780?
True
Is 12 a factor of 102158788?
F